{"id":1971,"date":"2020-05-13T11:02:51","date_gmt":"2020-05-13T09:02:51","guid":{"rendered":"https:\/\/acligphoto.fr\/?page_id=1971"},"modified":"2020-05-13T11:02:52","modified_gmt":"2020-05-13T09:02:52","slug":"mentions-legales","status":"publish","type":"page","link":"https:\/\/acligphoto.fr\/?page_id=1971","title":{"rendered":"Mentions l\u00e9gales"},"content":{"rendered":"\n<p>Ce site est l&rsquo;\u00e9manation et le lien entre les membres de l&rsquo;atelier Photo de L&rsquo;ACLIG  (Association Culture et Loisirs d\u2019Illkirch-Graffenstaden)<\/p>\n\n\n\n<p>192 route de Lyon<\/p>\n\n\n\n<p>67400 ILLKIRCH GRAFFENSTADEN<\/p>\n\n\n\n<p>T\u00e9l\u00e9phone\u00a0: <strong>03 88 66 22 34<\/strong><\/p>\n\n\n\n<p>Ce site sous WordPress est h\u00e9berg\u00e9 par O2switch  \u00e0 Clermont-Ferrand 04 44 44 60 40<\/p>\n\n\n\n<p><\/p>\n","protected":false},"excerpt":{"rendered":"<p>Ce site est l&rsquo;\u00e9manation et le lien entre les membres de l&rsquo;atelier Photo de L&rsquo;ACLIG (Association Culture et Loisirs d\u2019Illkirch-Graffenstaden) 192 route de Lyon 67400 ILLKIRCH GRAFFENSTADEN T\u00e9l\u00e9phone\u00a0: 03 88 66 22 34 Ce site sous WordPress est h\u00e9berg\u00e9 par O2switch \u00e0 Clermont-Ferrand 04 44 44 60 40<\/p>\n","protected":false},"author":1,"featured_media":0,"parent":0,"menu_order":0,"comment_status":"closed","ping_status":"closed","template":"","meta":{"_bbp_topic_count":0,"_bbp_reply_count":0,"_bbp_total_topic_count":0,"_bbp_total_reply_count":0,"_bbp_voice_count":0,"_bbp_anonymous_reply_count":0,"_bbp_topic_count_hidden":0,"_bbp_reply_count_hidden":0,"_bbp_forum_subforum_count":0,"footnotes":""},"class_list":["post-1971","page","type-page","status-publish","hentry"],"_links":{"self":[{"href":"https:\/\/acligphoto.fr\/index.php?rest_route=\/wp\/v2\/pages\/1971","targetHints":{"allow":["GET"]}}],"collection":[{"href":"https:\/\/acligphoto.fr\/index.php?rest_route=\/wp\/v2\/pages"}],"about":[{"href":"https:\/\/acligphoto.fr\/index.php?rest_route=\/wp\/v2\/types\/page"}],"author":[{"embeddable":true,"href":"https:\/\/acligphoto.fr\/index.php?rest_route=\/wp\/v2\/users\/1"}],"replies":[{"embeddable":true,"href":"https:\/\/acligphoto.fr\/index.php?rest_route=%2Fwp%2Fv2%2Fcomments&post=1971"}],"version-history":[{"count":1,"href":"https:\/\/acligphoto.fr\/index.php?rest_route=\/wp\/v2\/pages\/1971\/revisions"}],"predecessor-version":[{"id":1972,"href":"https:\/\/acligphoto.fr\/index.php?rest_route=\/wp\/v2\/pages\/1971\/revisions\/1972"}],"wp:attachment":[{"href":"https:\/\/acligphoto.fr\/index.php?rest_route=%2Fwp%2Fv2%2Fmedia&parent=1971"}],"curies":[{"name":"wp","href":"https:\/\/api.w.org\/{rel}","templated":true}]}}

Mentions légales

<p>Ce site est l&rsquo;émanation et le lien entre les membres de l&rsquo;atelier Photo de L&rsquo;ACLIG  (Association Culture et Loisirs d’Illkirch-Graffenstaden)</p>



<p>192 route de Lyon</p>



<p>67400 ILLKIRCH GRAFFENSTADEN</p>



<p>Téléphone : <strong>03 88 66 22 34</strong></p>



<p>Ce site sous WordPress est hébergé par O2switch  à Clermont-Ferrand 04 44 44 60 40</p>



<p></p>

<p>Ce site est l&rsquo;émanation et le lien entre les membres de l&rsquo;atelier Photo de L&rsquo;ACLIG (Association Culture et Loisirs d’Illkirch-Graffenstaden) 192 route de Lyon 67400 ILLKIRCH GRAFFENSTADEN Téléphone : 03 88 66 22 34 Ce site sous WordPress est hébergé par O2switch à Clermont-Ferrand 04 44 44 60 40</p>
